) = -y - 3 + 4*y - y. Determine b(n).
9
Let j(t) = -t**2 + 7*t**2 + t + 1 - t**3 - 3*t. Let h(f) = 7*f**2 + 2*f + 1. Let n = 5 - 6. Let o be h(n). Determine j(o).
-11
Let h(j) = -189*j + 0*j**2 - 2 + 188*j + 4*j**2 - j**3 - 4. Calculate h(3).
0
Let a(i) = 4 + 317*i**3 - 3*i - 318*i**3 - 1 - 7 + 5*i**2. Let b be 6/27 + (-34)/(-9). Determine a(b).
0
Let q(b) be the first derivative of -3*b**5/40 - 2*b**3/3 - 6. Let p(f) be the third derivative of q(f). What is p(1)?
-9
Let d(l) = 2*l**2 - 13*l - 9. Let s(k) = -k**2 + 6*k + 5. Suppose -4 = x + 5*j, -2*j = x - 3*x + 16. Let t(r) = x*d(r) + 13*s(r). Let y = -34 + 34. Give t(y).
11
Let m(f) = f**3 + 8*f**2 + 2*f + 2. Let a(h) = h**2 + 13*h + 4. Let i be a(-12). Calculate m(i).
-14
Suppose 59 = 7*r - 53. Let h(n) = -n**2 + 18*n - 38. Let x be h(r). Let y(w) be the second derivative of -w**3/3 + 7*w**2/2 - 3*w. Calculate y(x).
19
Suppose -n + 7 = 4. Suppose n*b + 171 = 6*b. Let c(i) = 1 + 1 + 60*i - b*i. Calculate c(-3).
-7
Let l(p) = -28*p**2 - p. Let g(b) = b**3 + b**2 - 2*b + 1. Let q be g(1). What is l(q)?
-29
Suppose 11*d - 9*d = -2*a - 6, 11 = -2*a - 3*d. Suppose -3*p - a = -f, -2*f - 5*p - 6 = 1. Let s(h) = 3*h**3 - h. What is s(f)?
-2
Let t(m) = m**2 + 5*m - 5. Suppose 2*v - 4*n - 11 = 21, v + 4*n = 46. Suppose 3*s + v = -5*z, 4*z + 1 + 23 = -4*s. Let i = z + -1. What is t(i)?
-5
Let d = 29 + -26. Let h(g) be the first derivative of 7/3*g**3 + 10 + g + 1/4*g**4 + d*g**2. Calculate h(-6).
1
Let p(n) = -n**3 + 3*n**2 + 3*n - 3. Let q be 10 - (-256)/(-28) - 22/(-7). Give p(q).
-7
Let s(n) be the second derivative of -n**4/12 + 2*n**3/3 + n**2/2 + 3*n. Let y = -21 - -24. Calculate s(y).
4
Suppose -8 + 0 = -2*p, h = -4*p + 37. Let n(a) = 5*a - h - 21 + 43. What is n(-1)?
-4
Let a(j) be the first derivative of j**6/120 + 7*j**5/60 + j**4/3 - j**3/2 - 27*j**2/2 - 30. Let x(f) be the second derivative of a(f). Determine x(-6).
-15
Let c be -9 - -6 - (0 + -26). Let z(w) = -w + c - w**2 - 24 - 10*w**3 - w. Give z(-1).
10
Let z be ((-21)/9)/((-2)/6). Let w = z - 6. Let o(r) = -4*r + 1. What is o(w)?
-3
Let p(n) = 2*n - 4. Let v(o) = -2*o + 5. Let j(y) = -7*p(y) - 6*v(y). Let k = 40 + -36. Suppose -4*s + 4*g - 2 = -2*s, -5*g = -2*s - k. Determine j(s).
-8
Let s(q) = -q**2 + 10. Let u be s(2). Let o(g) be the first derivative of -1/3*g**3 + u + 0*g - g**2. What is o(-1)?
1
Let h be -2*2/(-4) - -7. Let u = h - 2. Let y be u*((-3)/(-9) - 0). Let i(b) = -2*b + 2. Give i(y).
-2
Let y(o) = -2*o**2 - 39*o - 21. Suppose -338 + 1079 = -39*z. Determine y(z).
-2
Let r(n) = 5*n - 4 - n**2 + 5 - 3. Suppose 3*p + 2*p - 5*j - 5 = 0, 3*p = j + 13. Let x(u) = -1. Let v(k) = p*x(k) - r(k). What is v(6)?
2
Let v(p) be the first derivative of -1/2*p**2 + 3*p - 9. Calculate v(0).
3
Let s(x) = x**3 - 2*x**2 + 3*x - 4. Let a be (-10)/35 + (-424)/(-14). Let v = 44 - a. Let i be (v/21)/(2/9). What is s(i)?
14
Let t be ((-6)/10)/((-9)/315). Let j be 120/28 + (-6)/t. Suppose -j*w = 4*g - 0*g - 8, 2*g + 5 = -5*w. Let x(c) = c**3 + 3*c**2 - 3*c - 2. Calculate x(w).
7
Suppose 2*u - 3 = -5, 2*w - u - 9 = 0. Let a be (4/(-2))/(2 - 3). Suppose -a*f = -5*y - 25, -5*y - w*f = -0*y + 25. Let o(z) = z. Calculate o(y).
-5
Let m(q) be the first derivative of -11*q + q + 4 - q**2 + 10. Give m(-7).
4
Let u be 2/25 + 7735/1750. Let c(n) be the second derivative of -2*n - u*n**2 + 3/2*n**3 - 1/12*n**4 + 0. Give c(7).
5
Let x be (9 - 181)/(-2 + 0). Let y(m) = m - x + 41 + 40. Determine y(5).
0
Let h(u) = 2*u + 4. Let b(x) = -3*x**2 - 16*x + 1. Let z = 30 - 35. Let c be b(z). Give h(c).
16
Suppose 5*v + 5 + 0 = -4*c, 5*v + 10 = -3*c. Suppose -4 - 4 = 4*j, s - 4*j - 11 = 0. Let b(n) = c - 46*n**2 + n**3 + 51*n**2 + 3*n - s*n. Determine b(-5).
5
Let y(t) = 3*t**2 + 17*t + 14. Suppose 2*j - 12 + 16 = -2*d, j = 2*d + 16. Give y(d).
20
Let m(o) = -o**3 + 6*o**2 + 11*o - 10. Let i(v) be the third derivative of -v**4/12 + 13*v**3/2 - 8*v**2. Let a be i(16). Determine m(a).
18
Let t(d) = d**2 + 6*d - 7. Let y = -41 - -34. Let q = 2 + y. What is t(q)?
-12
Let o(c) = 4*c**3 - 18*c**2 + 13*c - 7. Let f(x) = x**3 - x**2 + 2. Let l(j) = -5*f(j) + o(j). Determine l(-14).
-3
Let b(t) = 2*t - 1. Let n(m) = -5*m + 7. Let i(a) = 2*b(a) + n(a). What is i(0)?
5
Let s(w) = -w**2 - 10*w + 10. Let g(j) = 4*j**2 + 31*j - 30. Let d(u) = -u**2 - 7*u - 12. Let b be d(-5). Let o(a) = b*g(a) - 7*s(a). Calculate o(7).
-3
Let o(v) = -v**2 - 7*v - 2. Suppose -3*k + q = 17, -4*q - 37 = -k + 4*k. Calculate o(k).
-2
Suppose -9 = 9*w - 10*w - 4*r, -4*r = 2*w - 6. Let q(j) = -j**3 - 3*j**2 - 4*j - 1. Give q(w).
11
Suppose -20*w = w - 42. Let a(n) = n**2 - 3*n + 3. What is a(w)?
1
Let w(t) = -4. Let r(m) = m. Let o(u) = -2*r(u) - w(u). Suppose -2*z = -24 - 34. Let k = z - 24. Give o(k).
-6
Let m(g) = g + 9. Suppose 2*j + 5*y = -3, -2*j - 2*y - 1 = 11. Give m(j).
0
Let t(v) = -3*v + 3. Let k be 12*(5 + (-26)/6). Suppose 4*w + 22 = 5*a + 6, k = -2*w - a. Determine t(w).
15
Let b be (-2)/15 - 1670/(-150). Suppose b - 4 = q. Let d(x) = -x**3 + 7*x**2 - 4. What is d(q)?
-4
Let s(z) = -z**3 - 7*z**2 - 7*z + 6. Suppose -3*o - 6 = -2*o. Calculate s(o).
12
Let r be 1*(4 + -2 + 14). Suppose x + r - 19 = 0. Suppose 0 = 4*l - 5*d - 45, 2*d = -l - x*d - 20. Let g(w) = -w - 1. Give g(l).
-6
Let j = 1735 - 1732. Let v(m) = -2*m**2 + 7*m - 11. Give v(j).
-8
Suppose 57 = 4*z + 25. Let d(b) = 175*b**3 - z*b**2 - 6 - 3*b - 176*b**3 + b. Give d(-8).
10
Let u be (-2 - (-32)/14) + 306/(-42). Let v(q) = q**3 + 8*q**2 + 3*q + 3. Determine v(u).
31
Let b(h) = -4*h**2 + 11*h - 7. Let t(o) = 4*o**2 - 12*o + 5. Let v(c) = 5*b(c) + 6*t(c). What is v(5)?
10
Suppose 2 = z - 5*w, z - 2*w + 8 = 10. Let a(k) = -9*k**2 + 4*k - 3. Give a(z).
-31
Let v(j) = -22*j - 98*j + 1 - j**2 + 120*j. What is v(6)?
-35
Let a = 2 - -1. Let n = -23 - -28. Let y(k) = 8*k - n*k - 1 - 2. Calculate y(a).
6
Suppose 0 = -3*s - 5*t - 24, 0*s + s = -4*t - 15. Suppose -4*w + 12 = 2*y, -4*w = y + 2*y - 14. Let h(l) = 2*l + 1 - y*l**2 - l**3 - 7 + 0 + 4. Calculate h(s).
1
Let y(k) = -11*k**2 + 24*k + 11. Let g(p) = 7*p**2 - 16*p - 8. Let d(b) = -8*g(b) - 5*y(b). Determine d(7).
16
Let r be 6 - (-3 + 7) - -4. Let b(p) = -p + 3 - r - 3 - 1. Let d(h) = -h**3 + 6*h**2 - 2*h + 6. Let m be d(6). What is b(m)?
-1
Suppose 18 - 11 = q. Let u(x) = -x**2 - x**2 + q*x + 270 - 274. What is u(5)?
-19
Let d = -1816 + 1814. Let w(f) = f**3. Give w(d).
-8
Let r be 0/(1 + -1 - 1). Let l = 1 + r. Let y(f) be the second derivative of f**5/5 - f**4/6 + f**2/2 - 39386*f. Calculate y(l).
3
Let c(y) = -y + 4. Suppose -z = 4*z - 40. Suppose z*d - 2 = 7*d. Suppose d*k - 1 = 9. Determine c(k).
-1
Let r(f) = 3*f - 1. Let q(o) = -o**3 + 12*o**2 - 14*o - 8. Let l be q(10). Let w = 53 - l. Give r(w).
2
Suppose -4*g + 3*g - 1 = 0. Let f(w) = 2*w**2 - 2*w**3 + 0*w**3 - 1 + 3*w**3. What is f(g)?
0
Let l = 0 + 2. Let g(n) = -3*n + 6*n - n**2 - 3*n**l + 5*n**2 - 4. Let i = 186 - 190. Calculate g(i).
0
Let o = -7 - -14. Let s be (-1442)/(-20) + (-1106)/(-140) + -8. Let l(k) = s*k - 36*k - 38*k - o. Give l(-6).
5
Let c(p) be the first derivative of 2*p + 1/4*p**4 - 1/2*p**2 + 0*p**3 - 2. Suppose -40*v - 149*v + 44*v = 0. Give c(v).
2
Let m(s) = -35*s - 6*s + 4 + 42*s. What is m(-3)?
1
Let b(n) = -7*n - 9*n + 30*n - 5*n - 10 - 10*n. Give b(-13).
3
Let a(j) = -j - 7. Let x(h) = -h - 5. Let m(b) = 6*a(b) - 7*x(b). Calculate m(5).
-2
Let f(d) = -d**3 - 11*d**2 - 13*d - 23. Let q be f(-10). Let s(j) = j**3 - 8*j**2 + 2*j - q*j**2 + 12*j**2 - 1. Give s(2).
-1
Suppose -a - 4*o = 16, 5*a - 13*o = -12*o + 25. Let n(v) be the second derivative of -1/12*v**a + 0 + 2*v**2 + 5/6*v**3 - 8*v. Give n(5).
4
Let x be (((-4)/3)/2)/((-4)/432). Let m = x - 68. Let d(c) = 4*c. What is d(m)?
16
Let f(o) = -32*o - 170. Let y(g) = 21*g + 115. Let l(q) = -5*f(q) - 7*y(q). Give l(-3).
6
Let a = 17 + -15. Let w(c) = -2*c - 3 - 3*c**2 + a + 0 - c**3. Calculate w(-3).
5
Let m(p) be the second derivative of p**4/2 + p**3/3 + 4*p**2 - 7*p. Let a(t) = t**2 + 1. Let c(h) = 5*a(h) - m(h). Let r be (-5)/2 + 2/4. What is c(r)?
-3
Let r(o) = 1 + 6*o**2 + o**3 - 1. Let x(f) = -f**3 + 16*f**2 + 34*f + 30. Let v be x(18). Calculate r(v).
0
Let b(r) = -r. Let q = 29 - 9. Let v = q + -22. Calculate b(v).
2
Let i(o) = -o**